11 + z) is divided by w?
16
Suppose 12*l - 12 = 6*l. Suppose -l*r = 5*r. Suppose 5*i - 63 - 47 = r. Calculate the remainder when i is divided by 5.
2
Let a = -120346 + 120365. Let q(m) = 2*m - 4. Let w be q(5). Suppose 3*z = h - 70, -h + 3*z - 260 = -w*h. Calculate the remainder when h is divided by a.
17
Suppose 128*t - 1812 = 6124. Calculate the remainder when 1675 is divided by t.
1
Suppose 0 = 3*g + 25 - 1. Let n = 11 + g. Suppose 0 = -r + 6 + n. What is the remainder when 61 is divided by r?
7
Let p(m) = 3*m**2 + 3*m - 2. Let l be p(-2). Suppose -95 = -5*h + l*d + 384, -5*h + d + 476 = 0. Let v = -58 + h. What is the remainder when v is divided by 19?
18
Let v(n) = -12922*n - 2 - 2 + 12923*n. Calculate the remainder when 31 is divided by v(8).
3
Let c = -26 - -48. What is the remainder when (-1 - 6/(-14))/(225225/32193 - 7) is divided by c?
14
Suppose 2*q = -4*n + 42 + 272, 3*q = n + 429. What is the remainder when q is divided by 30?
25
Suppose -21*d + 17*d + 2*o = -588, 2*o - 300 = -2*d. What is the remainder when 233 is divided by d?
85
Let h = -142 + 212. Let c(z) be the third derivative of -z**6/120 + 3*z**5/20 - 11*z**4/24 + z**3/2 - 37*z**2. What is the remainder when h is divided by c(3)?
22
Calculate the remainder when -48*(-13 - -4) - (0 - (0 - -1)) is divided by 19.
15
Let k = 7627 - 7592. What is the remainder when 1647 is divided by k?
2
Let l(h) = -h**3 + 35*h**2 - 37*h + 109. Let d be l(34). Suppose 4*a - 2*z = 168, a + d*z - 12*z - 51 = 0. What is the remainder when a is divided by 29?
12
Let d(s) = 98*s**3 - 2*s**2 + 1. Let a be (-5)/20*-4 - 0. Let p = -93 - -118. Calculate the remainder when d(a) is divided by p.
22
Suppose 124358 = 35*g + 122818. Suppose 3*u = 4*h + 32, -3*u = u + h - 49. What is the remainder when g is divided by u?
8
Suppose -11350 = -5*y - 5*g, -5188 = -5*y + 6*g + 6140. What is the remainder when y is divided by 1133?
2
Let q = -3382 - -3385. Let s(w) be the first derivative of 2*w**3/3 - w**2 + 7*w - 1. Calculate the remainder when 73 is divided by s(q).
16
Suppose 0 = 2*y + 6, 0 = 24*p - 19*p + y - 1242. Calculate the remainder when p is divided by 6.
3
Suppose -5*p - 3*w = -150, -4*p - 5*w = -3*p - 8. Let l(o) = 6*o + 28*o**2 + p*o**2 + 22 - 58*o**2. Calculate the remainder when l(-7) is divided by 16.
15
Let o(s) = -84*s - 15. Let f = 770 + -748. Calculate the remainder when o(-2) is divided by f.
21
Suppose 0 = 2*n + 5*m - 25, n + m = 4*m - 15. Suppose n = 10*y + 14*y - 1176. Calculate the remainder when 164 is divided by y.
17
What is the remainder when 33/231 + (-7783)/(-7) is divided by 21?
20
Let f(l) = 2*l - 3. Let q be f(8). Let r be (2/q - 698/(-26))/1. Suppose -r + 16 = -p. Calculate the remainder when 42 is divided by p.
9
Let x(k) = 2*k**3 - 7*k**2 - 5*k - 23. Let i be x(6). Suppose 14*h - 13 = i. Calculate the remainder when 267 is divided by h.
7
Let d be ((1 + -2)*-1 + -1)/(-3). Let v(l) = l**2 - 23*l + 23. What is the remainder when 89 is divided by v(d)?
20
Let w = 4503 - 4380. What is the remainder when 340 is divided by w?
94
Suppose 5*s + 3*s - 336 = 0. Let d(i) = -i**2 + 8*i + 5. Let b be d(7). Calculate the remainder when 42 is divided by b + 6/s + 16/(-14).
9
Let i(v) = -v + 37. Let s be i(10). Suppose y - 5*y + 63 = b, y - s = -4*b. Suppose 0*w = -5*w + y. Calculate the remainder when w is divided by 1.
0
Let d = 111 - 91. Suppose -26 = -4*l - 3*j + 37, -d = -4*j. Calculate the remainder when 20 is divided by l.
8
Let q be 4185/(-63) - 21/(-49). Calculate the remainder when 80 is divided by (-1374)/q + 2/11.
17
Suppose 0 = 29*v - 30*v + 1. Calculate the remainder when (-6 - 6)*((-3)/4 - v) is divided by (2/(-4))/(2/(-44)).
10
Let a = -1723 - -5305. What is the remainder when a is divided by 56?
54
Let g(j) = -11*j + 8. Let w be g(0). Suppose 4*y - w = -0*y. What is the remainder when 12 is divided by y?
0
Suppose -4*p + 532 + 3782 = -2*h, 4*p = -5*h + 4293. What is the remainder when p is divided by 315?
132
Suppose -3*q - 6 = -3. What is the remainder when 134 is divided by -5 - -4 - (-1 + 46/q)?
42
Let j = 6300 - 6248. Let o(h) = h**3 + 9*h**2 - 3*h - 5. Calculate the remainder when o(-7) is divided by j.
10
Suppose -4*h + 0*h - 280 = 0. Suppose 0 = -19*f + 506 - 430. What is the remainder when ((-18)/7)/(15/h) is divided by f?
0
Let b(o) = -3*o**3 + o**2 - 6*o + 3. Suppose 98 = 5*w - 3*v, 0*v - 339 = -18*w - 3*v. What is the remainder when b(-5) is divided by w?
15
Let w(b) = 2*b**3 - 7*b**2 + 62*b - 336. What is the remainder when w(9) is divided by 16?
9
Suppose -15*h - 467 - 2233 = 0. Let o = -96 - h. Calculate the remainder when 166 is divided by o.
82
Suppose 5*p - 2*i = 3057, -7*p - 4*i + 2440 = -3*p. Suppose p = w + 559. What is the remainder when 99 is divided by w?
47
Suppose 32 = 4*d - 56. Let s = d - 20. Suppose -21 = -s*f - 5*f. What is the remainder when 13 is divided by f?
1
Let l be (-10354)/(-18) - (-4)/(-72)*4. Let z = -136 + l. Suppose -5*c - 34 = -z. What is the remainder when c is divided by 41?
40
Let n = -192 - -110. Let u = n - -114. Calculate the remainder when 190 is divided by u.
30
Suppose -30*d + 8*d = 9982 - 27340. Calculate the remainder when d is divided by 19.
10
Let t(y) = -4*y + 7 - 2 + 10. Let a = 132 + -140. Calculate the remainder when 92 is divided by t(a).
45
Suppose 2*w - 3068 = -5*d, 5*d + 3*w - 8*w - 3040 = 0. Suppose -12*a + d = -3*a. What is the remainder when a is divided by 23?
22
Suppose -6*x = -20*x - 0*x + 378. Calculate the remainder when 159 is divided by x.
24
Let y(m) = -122*m + 2433. Calculate the remainder when y(17) is divided by 19.
17
Let p = -12647 - -12696. What is the remainder when 1348 is divided by p?
25
Suppose 2*h + 476 = 4*k, -11*k = -7*k + 2*h - 476. Calculate the remainder when 278 is divided by k.
40
Suppose 66*y - 814 = 11924. What is the remainder when y is divided by 141?
52
Let v(f) = 5*f**2 + 13*f + 11. Let d be v(-5). Suppose -n - 28 = -4*z - d, z + 217 = 4*n. What is the remainder when 131 is divided by n?
21
Let o(r) = -3*r + 27. Let y be ((-12)/9)/(2/(-21)). Suppose 15*s - 46 = y. Calculate the remainder when 59 is divided by o(s).
14
Let c be 8/12*18/12*7. Suppose 71 + 153 = c*x. What is the remainder when 111 is divided by x?
15
Let p(b) = b**3 + 35*b**2 - 18*b + 285. What is the remainder when p(-35) is divided by 284?
63
Let u be (-130)/(-39)*(-24)/(-10). Calculate the remainder when 71 is divided by (27/6)/(((-28)/u)/(-7)).
8
Suppose -7*y - 271 = -u - 10*y, -5*u - 2*y = -1290. Calculate the remainder when 782 is divided by u.
14
Let j(h) = 271*h**2 - 1089*h + 51. Suppose -4*r = -4*i - 36, -3*i + 9 + 4 = r. What is the remainder when j(4) is divided by r?
1
Let s(f) = 491*f**3 - 7 + f**2 + 14*f - 4 - 489*f**3 - 12*f**2. Calculate the remainder when s(6) is divided by 14.
11
Let l be (-13678)/28 + (-6)/(-4). Let p = -83 - l. Calculate the remainder when p is divided by 15.
14
Suppose 5*s - 578 = -193. Calculate the remainder when s/4 - (-19)/(-76) is divided by 15.
4
What is the remainder when 455 - ((100/35)/(-10))/((-5)/(-70)) is divided by 259?
200
Suppose o + 0 = 49. Let k be 1110/18 + (-3 - (-26)/6). Let t = 89 - k. Calculate the remainder when o is divided by t.
23
Let s = -689 - -710. Suppose 0 = s*l - 1640 - 1762. What is the remainder when l is divided by 49?
15
Suppose -2*n + 0*n + 12 = 0. Let f be -3 - (210/(-18) + (-2)/n). Suppose f*h - 92 + 2 = 0. Calculate the remainder when 27 is divided by h.
7
Let o be -5 + 8/((-64)/(-1400)). Let j = 181 - o. What is the remainder when 185 is divided by j?
9
Suppose -35*r + 41*r - 2340 = 0. Calculate the remainder when 95 is divided by (r/(-200)*4)/((-3)/10).
17
Suppose 5*v - 1117 = -6*z, -4*v = -60*z + 64*z - 748. What is the remainder when 448 is divided by z?
84
Let h(d) = 7 - 6 - 12*d + 9 - 2*d**2 + 0. Let v = -120 - -114. Calculate the remainder when h(v) is divided by 3.
1
Let m(i) = 239*i - 43167. Calculate the remainder when m(181) is divided by 114/7 - 4/14.
12
Suppose 2411*k = 2492*k - 10935. What is the remainder when 3909 is divided by k?
129
Suppose 234 = -5*w - 4*l + 663, l = -w + 85. Calculate the remainder when 4003 is divided by w.
87
Let s(i) = i**3 + i + 0*i + 5*i**2 + 2*i - 5 - i. What is the remainder when 111 is 